?
7
What is the tens digit of (270768/(-104))/(-3) - 4/(-26)?
6
Let h be (-85)/68 - 1/(-4). Let c(o) = -5*o**3. Let m be c(h). Suppose 0 = -l - p + m*p + 58, -3*p + 44 = l. What is the units digit of l?
0
Let k = 554 + 1998. What is the units digit of k?
2
Let d(i) = -i + 10. Suppose -3 - 5 = 2*w + 2*o, 5*w - 5*o + 50 = 0. Let f be d(w). Suppose 15*l - f*l = -80. What is the tens digit of l?
4
Let i(y) = 5*y + 42. Let c be i(-7). Suppose c*r = -2*v + 4*r + 217, -2*v = 5*r - 207. What is the units digit of v?
6
Let q = 24 + -51. What is the tens digit of (-164)/3*q/18?
8
Let t = 663 - 443. Suppose 6*s - t = 2*s. What is the units digit of s?
5
Suppose 38*l - 13945 = 8741. What is the units digit of l?
7
Let h(o) = -2*o - 23. Let u(l) = l + 12. Let d(n) = 4*h(n) + 9*u(n). What is the units digit of d(7)?
3
Suppose 2*n = 2*p - 332, 440 + 242 = 4*p + 5*n. What is the hundreds digit of p?
1
Let c be (160/(-3))/(-4) - (-19)/(-57). Suppose -14*g - c = -251. What is the units digit of g?
7
Suppose -a - 4 = 0, 4*t - 20 = -t + 5*a. Suppose t = 2*z + 3*z - 155. What is the units digit of z/7 + (-8)/(-14)?
5
Suppose -1 + 3 = -w + 3*c, 0 = 2*c. Let p = w + 6. Suppose 0 = -5*i + 2*i + p*j + 93, -5*j = -2*i + 55. What is the units digit of i?
5
Let u be (5/20)/((-1)/4). Let n be 6*(u + (-7)/(-6)). What is the units digit of (-224)/(-24) + n/(-3)?
9
Let m be ((-3)/6)/(3/102). What is the tens digit of m/(-51) + 274/6?
4
Suppose g - m + 6*m - 30 = 0, -5*g = 4*m - 45. Suppose g*w = 2*w + 96. What is the tens digit of w?
3
Suppose 4*b - 3*b = 30. Let p be (-2)/(-10) - (-594)/b. Suppose -4*t + p + 48 = -2*k, -5*t + 4*k = -88. What is the units digit of t?
6
What is the tens digit of (8/6 - 1)/((-4)/(-7116))?
9
Let a(c) be the first derivative of -c**4/4 - 5*c**3/3 + c**2 - 7*c - 4. Let l be a(-8). Suppose 5*y = -19 + l. What is the units digit of y?
0
Suppose 2*d - 4*d + 6 = 0, 346 = h + 3*d. What is the units digit of h?
7
Suppose -5*b + 3 - 7 = 3*z, 2*z + 5*b - 4 = 0. Let w = z - 38. Let f = -30 - w. What is the tens digit of f?
1
Suppose 4*c - 86 + 10 = 0. Let y be 18/24 + 130/8. Let h = c - y. What is the units digit of h?
2
Suppose 4*j + 61 = 4*g + 1, -5*j = -3*g + 67. Let w = 58 - 38. Let u = w + j. What is the units digit of u?
9
What is the tens digit of ((-6)/18 + -1)/((-6)/279)?
6
Let w = -155 + 260. Suppose 0 = -3*o - 3, n + n + 3*o - w = 0. Suppose 0 = 5*x - 2*x + j - n, x + j = 18. What is the tens digit of x?
1
Let t(u) = u**2 - 2*u. Let v(r) = -2*r**2 + 3*r + 1. Let f(k) = -7*t(k) - 4*v(k). Let l be f(2). What is the units digit of (-3 + 10/l)*-20?
0
Suppose -7*s = 18 - 53. What is the units digit of 3 - (-71 + s + -4)?
3
What is the hundreds digit of 234 + 3 + 8 + -12?
2
Let o(i) = 2*i + 10. Let m be o(-5). Suppose m = -5*f + 8*f. Let n(k) = -k**2 - 4*k + 84. What is the units digit of n(f)?
4
Suppose -44*n + 52*n - 40072 = 0. What is the units digit of n?
9
Let s(w) = w**3 + 12*w**2 + 4*w - 14. Suppose -8 = -4*j, -2*x - x - 37 = -2*j. What is the tens digit of s(x)?
6
Let a be ((-4390)/(-20))/((-2)/4). What is the units digit of a/(-7) - (-8)/28?
3
Let q(v) = v**3 - v**2 - v - 2. Let t be q(0). Let z be t*(21 - 2)/(-1). Suppose 4*n - 26 = z. What is the units digit of n?
6
Suppose 603 + 1098 = 9*y. What is the tens digit of y?
8
What is the hundreds digit of 21/28*4 + 1006?
0
Let o be 4/(-6) - 70/(-42). Let i be -125*(o - 36/20). Suppose 0 = -3*d + 5*l + 104, -2*d - d + l = -i. What is the units digit of d?
3
Let t be ((-4)/3)/(4/(-6)). Suppose -t*j = -3*j. Suppose 0 = 2*a - 4, j = -4*d - d - a + 192. What is the units digit of d?
8
Let r(i) = i**3 + 17*i**2 - 17*i + 15. Let l be r(-18). Let s = l + 18. What is the tens digit of s?
1
Suppose 10*j - 1244 = -154. What is the hundreds digit of j?
1
Suppose 0 = 2*f - 4*f + 56. Let q = 19 + f. What is the units digit of q?
7
Suppose 4*h = -109 + 5. What is the units digit of (-2206)/(-26) + h/(-169)?
5
What is the tens digit of 24/12 + 9 - -4222?
3
Let v(j) = -6*j + 18. Let u be v(3). Suppose 3*o + 4*b - 257 = u, -2*o + 4*b + 221 = 43. What is the tens digit of o?
8
Suppose -824*k - 984 = -827*k. What is the tens digit of k?
2
Suppose -27*r = -36*r + 4833. What is the units digit of r?
7
Let n be ((-93)/(-6))/(3/(-6) - -1). Let y = n + 27. What is the tens digit of y?
5
What is the tens digit of (4*(-1574)/(-20))/((-14)/(-35))?
8
Let l = 2529 - -850. What is the hundreds digit of l?
3
Let g(f) = 17*f - 6. Let j = 50 + -47. What is the units digit of g(j)?
5
Let j = 35 + -32. Suppose -j*s = 3*s - 594. What is the units digit of s?
9
Let n(u) = -10*u + 2 + 6*u - 2. What is the units digit of n(-2)?
8
Let v be ((-4)/(-5))/((-18)/1125). Let r be ((-8)/10)/(20/v). Suppose -4*t = -t + 5*p - 109, 5*t + r*p = 169. What is the units digit of t?
3
Let j = -90 + -55. What is the units digit of 5*-3*j/75?
9
Let b(y) = -4*y**2 - 3*y - 1. Suppose -m = 4*m + 10. Let i be b(m). Let f(j) = -4*j - 11. What is the units digit of f(i)?
3
Let c = 16 + -16. Suppose -4*o + q + c*q = -29, -2*q = -6. What is the tens digit of 34 + 2/(o/(-12))?
3
Suppose 0 = 2*w + s - 4*s - 51, 5*s - 157 = -4*w. Let d be w/44*(-8)/(-3). Suppose -3*p = -d*a + 25, 5*p - 31 - 14 = -a. What is the tens digit of a?
2
Let r(j) = -4*j + 358. What is the hundreds digit of r(0)?
3
Let j be (-20)/3*(-12)/(-10). Let m(v) = -v**3 - 10*v**2 - 8*v - 11. Let s be m(j). What is the tens digit of (s/(-6) - 4)*6?
5
Suppose 8*t - 7*t = -1. Let g = 27 - t. Suppose 0 = -3*b - b + g. What is the units digit of b?
7
Suppose 5*v = 3*j + 6893, 2*v + 5*j - 1401 = v. What is the units digit of v?
1
Suppose 0 = -5*m + 4*m + 30. Let z = 201 + -201. Suppose z*c = 3*c - 3*i - m, -3*c + 4*i + 29 = 0. What is the tens digit of c?
1
Let c = -5204 - -9298. What is the units digit of c?
4
Suppose 18359 - 4345 = 49*j. What is the hundreds digit of j?
2
Suppose 0 = 4*f + 4, 2*q - 2*f - 162 = -4*f. What is the units digit of q?
2
Let t(s) = s + 8. Suppose -5 = 2*c + 3. Let d be t(c). Suppose -4*x = -0*x - 4*y - 20, 2*x = -d*y + 4. What is the units digit of x?
4
Let o = -26 + 37. Suppose -o*n = -10*n - 3. What is the units digit of 0*n/12 - -29?
9
What is the tens digit of 4 + 6 + 107 - (1 + 1)?
1
What is the hundreds digit of (-12)/6*-262*(-10)/(-8)?
6
Suppose -u + 13 = 4*o, u = 2*o - 4*o + 7. Suppose -55 - 56 = -o*b. What is the tens digit of b?
3
Suppose p = 3*o - 39, -o - 18 = -2*p - 31. What is the units digit of o?
3
Suppose -2*o - 262 - 452 = -n, -5*n = 4*o - 3528. What is the tens digit of n?
0
Suppose 4*c = -0*c - w + 3, -4*w = 3*c + 14. Suppose 0 = -4*g - 0*u + 2*u + c, 5*g + 5 = 5*u. What is the units digit of g?
2
Let s(u) = 39*u - 565. What is the hundreds digit of s(55)?
5
Let n = 39 - 54. Let o be ((-12)/(-8))/(n/140). What is the tens digit of ((-49)/o)/(1/6)?
2
What is the hundreds digit of -15*((-12)/(-18))/2 - -3229?
2
Let m = -3 - -9. What is the units digit of (-2)/4*m - -4?
1
Let s = 31 + -15. Let y be (1/(-2))/(4/(-112)). Let d = s - y. What is the units digit of d?
2
Suppose -f + 4 = 1. Suppose 23*w - 18*w = 20. Suppose -f*h + 5*h - 14 = -2*v, 0 = -w*v + 16. What is the units digit of h?
3
Suppose -32 - 4 = 12*h. What is the units digit of (-1 + (h - -10))*1?
6
Let p(c) = c**2 - 11*c + 2. Let b(d) = d**2 + d + 11. Let k be b(0). Let h be p(k). Suppose -h*g + 27 = g. What is the units digit of g?
9
What is the units digit of (3 - (-4 - -5))*7/2?
7
Let d = 66 + 646. What is the tens digit of d?
1
Let r(n) = 2*n - 8. Let u be r(6). Suppose -u*m + 19 = -m + p, -2*m + 11 = -p. What is the units digit of m?
6
Suppose -35 = -2*h + 511. What is the hundreds digit of h?
2
Let n = -672 - -962. What is the tens digit of n?
9
Let g(p) be the second derivative of p**3/6 + 5*p**2 + 4*p. Let i be g(-6). Suppose x = -4*v + 51, 0*v + 2*v - 8 = -i*x. What is the tens digit of v?
1
Suppose -5*k = 14*r - 16540, 18*r - 13*r + 2*k = 5908. What is the units digit of r?
0
Suppose 15*a + 10381 = 5*v + 18*a, 4*v + a = 8309. What is the units digit of v?
8
Suppose 142 = o + p, 4*o + o = 4*p + 692. Let l = 206 - o. What is the units digit of l?
6
Let t(p) = -p + 11. Let c be t(11). Suppose -6*o + 66 - 18 = c. What is the units digit of o?
8
Let h(t) = -t**2 - 16*t + 19. Let k be h